1
Calculate the remainder when 117 is divided by 26.
13
What is the remainder when 247 is divided by 47?
12
Calculate the remainder when 821 is divided by 6.
5
What is the remainder when 1814 is divided by 8?
6
Calculate the remainder when 25 is divided by 3.
1
What is the remainder when 1076 is divided by 18?
14
What is the remainder when 106 is divided by 30?
16
Calculate the remainder when 111 is divided by 14.
13
What is the remainder when 53925 is divided by 42?
39
Calculate the remainder when 1241 is divided by 250.
241
What is the remainder when 6672 is divided by 15?
12
Calculate the remainder when 5442 is divided by 14.
10
Calculate the remainder when 144 is divided by 36.
0
What is the remainder when 457 is divided by 226?
5
What is the remainder when 708 is divided by 9?
6
What is the remainder when 1062 is divided by 70?
12
Calculate the remainder when 332 is divided by 37.
36
Calculate the remainder when 1486 is divided by 124.
122
Calculate the remainder when 184 is divided by 18.
4
What is the remainder when 316 is divided by 147?
22
What is the remainder when 631 is divided by 28?
15
Calculate the remainder when 79 is divided by 11.
2
Calculate the remainder when 55 is divided by 27.
1
Calculate the remainder when 508 is divided by 15.
13
Calculate the remainder when 99 is divided by 36.
27
Calculate the remainder when 515 is divided by 52.
47
Calculate the remainder when 335 is divided by 308.
27
What is the remainder when 36 is divided by 7?
1
Calculate the remainder when 124 is divided by 33.
25
Calculate the remainder when 150 is divided by 31.
26
What is the remainder when 60 is divided by 1?
0
What is the remainder when 1969 is divided by 36?
25
Calculate the remainder when 169 is divided by 98.
71
Calculate the remainder when 3948 is divided by 59.
54
Calculate the remainder when 195 is divided by 14.
13
What is the remainder when 89 is divided by 46?
43
Calculate the remainder when 240 is divided by 60.
0
What is the remainder when 2259 is divided by 31?
27
Calculate the remainder when 155 is divided by 52.
51
What is the remainder when 284 is divided by 13?
11
What is the remainder when 492 is divided by 50?
42
What is the remainder when 288 is divided by 152?
136
Calculate the remainder when 840 is divided by 404.
32
What is the remainder when 470 is divided by 12?
2
Calculate the remainder when 1088 is divided by 360.
8
What is the remainder when 2315 is divided by 743?
86
Calculate the remainder when 5874 is divided by 13.
11
Calculate the remainder when 4653 is divided by 26.
25
What is the remainder when 70 is divided by 47?
23
Calculate the remainder when 227 is divided by 43.
12
What is the remainder when 138 is divided by 13?
8
Calculate the remainder when 40 is divided by 23.
17
Calculate the remainder when 295 is divided by 47.
13
What is the remainder when 366 is divided by 8?
6
Calculate the remainder when 4789 is divided by 199.
13
What is the remainder when 1201 is divided by 28?
25
Calculate the remainder when 3887 is divided by 1294.
5
Calculate the remainder when 5056 is divided by 5030.
26
What is the remainder when 1621 is divided by 56?
53
What is the remainder when 31 is divided by 9?
4
Calculate the remainder when 10950 is divided by 2.
0
What is the remainder when 223 is divided by 15?
13
Calculate the remainder when 1107 is divided by 37.
34
What is the remainder when 10885 is divided by 2175?
10
Calculate the remainder when 779 is divided by 76.
19
Calculate the remainder when 7951 is divided by 194.
191
Calculate the remainder when 14381 is divided by 19.
17
Calculate the remainder when 68 is divided by 49.
19
Calculate the remainder when 1113 is divided by 299.
216
What is the remainder when 316 is divided by 110?
96
Calculate the remainder when 1111 is divided by 79.
5
Calculate the remainder when 982 is divided by 15.
7
Calculate the remainder when 334 is divided by 84.
82
What is the remainder when 1320 is divided by 54?
24
Calculate the remainder when 966 is divided by 290.
96
What is the remainder when 1132 is divided by 63?
61
What is the remainder when 855 is divided by 32?
23
What is the remainder when 209 is divided by 35?
34
Calculate the remainder when 213 is divided by 31.
27
Calculate the remainder when 121 is divided by 14.
9
Calculate the remainder when 123 is divided by 34.
21
What is the remainder when 154 is divided by 42?
28
Calculate the remainder when 37 is divided by 22.
15
What is the remainder when 108 is divided by 16?
12
Calculate the remainder when 2254 is divided by 55.
54
What is the remainder when 957 is divided by 24?
21
What is the remainder when 1276 is divided by 161?
149
What is the remainder when 208 is divided by 189?
19
What is the remainder when 106 is divided by 27?
25
What is the remainder when 472 is divided by 61?
45
What is the remainder when 1196 is divided by 134?
124
What is the remainder when 4725 is divided by 139?
138
What is the remainder when 102 is divided by 28?
18
What is the remainder when 40 is divided by 30?
10
Calculate the remainder when 33 is divided by 18.
15
Calculate the remainder when 1652 is divided by 15.
2
Calculate the remainder when 17203 is divided by 18.
13
Calculate the remainder when 16909 is divided by 38.
37
What is the remainder when 29 is divided by 9?
2
What is the remainder when 363 is divided by 24?
3
What is the remainder when 273 is divided by 37?
14
Calculate the remainder when 271 is divided by 108.
55
Calculate the remainder when 34 is divided by 10.
4
Calculate the remainder when 1074 is divided by 20.
14
Calculate the remainder when 1280 is divided by 42.
20
What is the remainder when 90 is divided by 19?
14
What is the remainder when 350 is divided by 111?
17
What is the remainder when 391 is divided by 11?
6
What is the remainder when 455 is divided by 115?
110
What is the remainder when 255 is divided by 64?
63
Calculate the remainder when 4279 is divided by 357.
352
Calculate the remainder when 40 is divided by 37.
3
What is the remainder when 246 is divided by 161?
85
Calculate the remainder when 1306 is divided by 41.
35
What is the remainder when 886 is divided by 872?
14
What is the remainder when 85 is divided by 36?
13
Calculate the remainder when 48 is divided by 30.
18
What is the remainder when 254 is divided by 86?
82
What is the remainder when 225 is divided by 31?
8
Calculate the remainder when 43088 is divided by 171.
167
Calculate the remainder when 3110 is divided by 17.
16
Calculate the remainder when 13187 is divided by 21.
20
What is the remainder when 4535 is divided by 18?
17
Calculate the remainder when 107 is divided by 106.
1
Calculate the remainder when 118 is divided by 11.
8
Calculate the remainder when 423 is divided by 5.
3
What is the remainder when 773 is divided by 19?
13
Calculate the remainder when 333 is divided by 279.
54
What is the remainder when 49 is divided by 49?
0
What is the remainder when 3548 is divided by 91?
90
Calculate the remainder when 228 is divided by 46.
44
What is the remainder when 101 is divided by 17?
16
Calculate the remainder when 69 is divided by 14.
13
Calculate the remainder when 1282 is divided by 92.
86
Calculate the remainder when 86 is divided by 26.
8
What is the remainder when 7243 is divided by 4?
3
What is the remainder when 365 is divided by 168?
29
What is the remainder when 45 is divided by 32?
13
What is the remainder when 876 is divided by 44?
40
Calculate the remainder when 19 is divided by 7.
5
Calculate the remainder when 113 is divided by 30.
23
What is the remainder when 739 is divided by 37?
36
Calculate the remainder when 4545 is divided by 1133.
13
What is the remainder when 18105 is divided by 11?
10
What is the remainder when 163 is divided by 14?
9
What is the remainder when 133 is divided by 15?
13
What is the remainder when 123 is divided by 21?
18
Calculate the remainder when 88 is divided by 51.
37
What is the remainder when 52 is divided by 31?
21
Calculate the remainder when 258 is divided by 107.
44
Calculate the remainder when 202 is divided by 21.
13
Calculate the remainder when 1256 is divided by 625.
6
Calculate the remainder when 89 is divided by 79.
10
Calculate the remainder when 4301 is divided by